+ 3215 = t. What is the highest common factor of h and 37?
37
Let t(u) = -13*u**3 + 3*u**2 + 2*u - 1. Let p(w) = -w**3 + 5*w**2 - 1. Let y be p(5). Let b be t(y). Calculate the highest common divisor of 1 and b.
1
Suppose 5*k - 388 = m, 3*k + k + m = 314. Suppose -2*x = -s - 20, 3*s - 30 = 5*x - k. Calculate the greatest common divisor of 156 and x.
12
Let i(r) = 45*r**2 - 5*r - 4. Let s be i(-3). Suppose 5*u - 7*u - 2*n = -160, 5*u + n = s. Calculate the greatest common factor of u and 210.
42
Let m(n) = -n**3 - 8*n**2 - 10*n + 1. Let o be m(-7). Calculate the greatest common divisor of 10648 and o.
22
Suppose 0 = -42*r + 1087 + 1433. Let c = -83 + 323. What is the highest common factor of r and c?
60
Suppose -10*v = -8*v - 10. Let x = -95 + 239. Let l be 176/18 + 32/x. What is the highest common factor of v and l?
5
Let c = 139 + -30. Suppose 5*a = -3*u + c, -u - 37*a = -33*a - 48. What is the greatest common factor of u and 8?
4
Suppose 35 = -18*u + 23*u. Suppose u*n - 456 = -n. What is the highest common divisor of n and 19?
19
Let y(w) = 4*w + 3. Let h be y(7). Suppose 132 = 87*g - 99*g. Let x = h + g. What is the highest common factor of 30 and x?
10
Let v be 235/45 - 5 - ((-92793)/27 - -3). What is the greatest common divisor of v and 34?
34
Suppose 2*b + r = 0, 5*b + 13 = 4*r + 26. Suppose 4*x = -13 + 77. What is the greatest common divisor of b and x?
1
Suppose -32 = -5*f - 3*c, -12 = -c - 2*c. Suppose 3 - 11 = -f*a. Calculate the highest common factor of a and 36.
2
Let r(g) = 2*g**3 - 2*g**2 + g + 144. Let c = -287 + 287. Let v be r(c). What is the highest common factor of v and 27?
9
Suppose -l + 121 = 3*r, 378 = -0*l + 3*l + 4*r. Let z = -22 + l. Suppose 5*n - 12 = z. What is the highest common factor of n and 60?
12
Let t(y) = -53*y - 2835. Let g be t(-55). What is the greatest common factor of g and 556?
4
Suppose -9*x + x = -768. Suppose 19*z - x = 11*z. Calculate the greatest common divisor of z and 48.
12
Let a(d) be the second derivative of -13/6*d**3 - 38*d - d**2 + 0. Let l be a(-2). Calculate the highest common divisor of 60 and l.
12
Suppose 0 = -84*w + 95*w - 2783. Calculate the greatest common factor of 66 and w.
11
Let s(m) = 9*m**2 - 2*m - 2. Let u be s(-3). Suppose 847*x = 834*x + 65. Calculate the highest common divisor of u and x.
5
Let v(a) = -6*a**2 - 4*a + 20. Let i be v(-10). Let r = i + 562. Calculate the greatest common factor of r and 814.
22
Suppose -5*n - 6 + 16 = 0. Suppose -w - 4 = n*p - 7, 24 = p - 4*w. Suppose 12 = p*k, -4*k = -7*h + 3*h + 12. Calculate the greatest common divisor of 3 and h.
3
Let v = -207 - -109. Let g = v + 97. Let m = 98 - g. What is the highest common divisor of 9 and m?
9
Let j be (535/10)/((-1)/2). Let r = 118 + j. What is the greatest common factor of r and 253?
11
Suppose 4*f - 6 = -2*k, 4*k - 4*f = -f + 56. Let n be 9*4/24 + (-26279)/(-22) - -3. Calculate the highest common divisor of n and k.
11
Let w = -209 - 162. Let d = w + 1211. Suppose 18*q - d = 6*q. What is the greatest common factor of 10 and q?
10
Let g = -969 + 1515. Let d = 564 - g. Calculate the highest common divisor of d and 12.
6
Suppose 0 = h + 8 - 2. Let d(y) = -y**2 - 8*y - 8. Let s be d(h). Suppose -x - 7 - 9 = -a, 0 = -s*x + 8. What is the highest common factor of a and 45?
9
Let h be 1*(-15)/(-20)*236. Suppose h = 4*g - 75. Calculate the greatest common divisor of g and 18.
9
Let n be (336/(-210))/((-2)/15). Let k be 8/6 - (-20)/n. What is the highest common factor of 69 and k?
3
Let t(b) = 2*b**2 - 9*b - 50. Let d be t(8). Let n be ((-4)/d)/((-20)/570). What is the greatest common factor of n and 38?
19
Suppose 5*l = -15 + 5. Let h be (-1)/(-3 + (l - -4)). Suppose 2 = 2*b + 2*s - 30, -s = -h. What is the greatest common divisor of b and 6?
3
Suppose 4*c - 154 = -142. Suppose 3*t = -l + 7*t + c, -5*t = l - 30. Calculate the highest common divisor of l and 10.
5
Let d = -1119 + 1768. What is the highest common divisor of d and 44?
11
Suppose 0 = 2*m + 4, r + 293 = -3*m + 662. What is the highest common factor of 36375 and r?
375
Let w(l) = -55*l + 34*l**2 + 1913*l**3 + 4 - 1914*l**3 - 6*l + 40. Let v be w(32). Calculate the greatest common divisor of v and 14.
14
Suppose 0 = -379*y + 12351 - 4392. Calculate the highest common factor of y and 9149.
7
Suppose -16*m + 1212 = -180. What is the greatest common factor of 9 and m?
3
Suppose 0 = 3*g - 3, -v - 12 = -g - 51. Let r = 2 + v. Calculate the greatest common divisor of r and 105.
21
Let q(j) = -2*j**2 - 14*j + 17. Let n be q(-7). Suppose 748 = 14*h - 10*h. Calculate the greatest common divisor of h and n.
17
Suppose -4*a + 28 = 2*h, -3*a - h + 0*h + 22 = 0. Let p = 115 - 100. Let g be (p/(-3))/(-10) - (-46)/4. What is the greatest common divisor of a and g?
4
Let w = 5023 - 4998. What is the greatest common factor of w and 1975?
25
Suppose 3*l - 143 = -h, 8*h - 635 = 3*h + l. Let n be h/12*(13 - 1). Calculate the greatest common divisor of 16 and n.
16
Let n(j) = -40*j + 7. Let f be n(-5). Suppose 0 = 296*w - 1069 - 580 - 684 - 2995. What is the greatest common divisor of f and w?
9
Suppose 5*x = 4 - 39. Let y = x - -19. Suppose 0 = -9*k + 771 + 201. Calculate the greatest common factor of k and y.
12
Let w be 286/4*(1 - -1). Let s be ((-832)/(-40))/(2/(-7) + 624/910). What is the greatest common factor of s and w?
13
Let p be 977/3 - (-2)/(-3). Suppose -53*q - 213 + 902 = 0. What is the greatest common divisor of p and q?
13
Let j(c) be the second derivative of c**4/4 - 2*c**3 - c + 3. Let t be j(-6). Let u = 121 + -1. Calculate the highest common factor of u and t.
60
Let u be ((-2)/6)/(20/(-540)) + -4. Suppose 98 = 4*z + 2*y, 118 = -z + u*z - 2*y. What is the greatest common factor of 135 and z?
27
Let r(s) = -12*s**2 + 9*s - 22. Let b(x) = 10*x**2 - 9*x + 21. Let p(u) = 4*b(u) + 3*r(u). Let o be p(9). Calculate the highest common divisor of 29 and o.
29
Suppose 2*n - 640 - 654 = -4*a, 0 = a + 3*n - 326. What is the highest common factor of 34561 and a?
323
Suppose 2273 - 788 = 41*y - 2205. Calculate the greatest common divisor of y and 4014.
18
Let h = -89094 + 133218. What is the greatest common factor of 12 and h?
12
Suppose o - 173 = 9*c - 12*c, -373 = -2*o + 3*c. Let m = 30 - -9. Calculate the greatest common divisor of m and o.
13
Let b be (-171 - 20)*((-1023)/8 + (-15)/120). Calculate the highest common divisor of b and 191.
191
Suppose 7*x - 14 = -56. Let o be (-5 + -1)*-22 + x. Suppose 2*q = 50 + 118. What is the highest common divisor of q and o?
42
Let p be 9/(-9)*(-1 - 14). Let j be p/(-25) - (-828)/5. Let l = -245 + 260. What is the greatest common divisor of j and l?
15
Suppose -2672 - 30 - 14308 = -42*w. Calculate the highest common divisor of 1125 and w.
45
Let n be 0*(13/52 + (-3)/4). Suppose n = 3*k + y - 96 - 72, 2*k + y - 112 = 0. Calculate the highest common factor of k and 16.
8
Let i(v) = -2*v + 12. Let n be i(4). Let p = n + -4. Suppose 2*g = 5*k - 26, p = -4*k - g - g + 10. Calculate the greatest common factor of k and 18.
2
Suppose -20*y + 9*y = -165. Let l be (-93)/155 + 2709/y. What is the highest common factor of 420 and l?
60
Let u(v) = -2*v + 62. Suppose 0 = -30*l - 10*l - 760. Let c be u(l). Calculate the greatest common divisor of 15 and c.
5
Let a(k) = 2*k - 13. Suppose 0 = -0*u + 7*u - 70. Let l be a(u). Suppose -5*f + l*f = 90. Calculate the highest common factor of 18 and f.
9
Let v = 1186 - 710. Suppose 6*k - v = 148. What is the greatest common factor of k and 156?
52
Suppose -3*w + 2*b = -80, -w = -0*w + 4*b - 50. Let z(q) = q + 14. Let i be z(-12). Suppose i*l - 4*l + 480 = 0. What is the highest common divisor of l and w?
30
Let t(y) = y**3 + 20*y**2 - 91*y + 174. Let o be t(-24). What is the greatest common factor of 88 and o?
2
Suppose 18 = 215*z - 212*z. Let x(t) = -t**2 + 14*t - 12. Let d be x(z). What is the greatest common divisor of 9 and d?
9
Let d(q) = 2*q + 0*q + 13*q**2 + 2 - 8*q**2 + 2. Let l be d(2). Let x = 52 - l. Calculate the greatest common divisor of 12 and x.
12
Let q = -25251 - -25264. Let m = -3 + 4. Let j be m - -5*(5 - 0). Calculate the greatest common divisor of q and j.
13
Let m be ((-1715)/25 - -5)/(21/(-35)). What is the highest common factor of m and 424?
106
Let a = -30368 +